 8*x**2 - 8*x + 8. Give m(6).
32
Let h(n) = 14*n + 180. Calculate h(-15).
-30
Let v(m) = -2*m**3 + 11*m**2 + 4*m - 8. Give v(5).
37
Let d(l) = l**3 - l**2 - 6*l + 7. Determine d(5).
77
Let i(d) = d**3 - 13*d**2 + 12*d + 13. Give i(12).
13
Let a(w) = -4*w**3 + w**2 - 1. Give a(1).
-4
Let o(u) = u**3 + 11*u**2 + 10*u. Give o(-10).
0
Let l(m) = -5*m + 26. Give l(5).
1
Let p(n) = n + 2. Give p(-3).
-1
Let w(j) = j**3 - 3*j**2 - 8*j + 18. Give w(3).
-6
Let p(k) = -2*k**2 + 8*k + 73. Calculate p(9).
-17
Let m(n) = -n**3 + 13*n**2 + 11*n + 48. What is m(14)?
6
Let c(d) = -d**3 + 6*d**2 - d - 11. What is c(6)?
-17
Let v(l) = 12*l + 224. Determine v(-20).
-16
Let d(f) = 5*f - 17. Determine d(-13).
-82
Let v(k) = 5*k**3 + 2*k**2 - 5*k + 4. Determine v(1).
6
Let m(r) = -r**2 + 5*r + 142. Calculate m(15).
-8
Let d(t) = 2*t + 6. Give d(0).
6
Let p(o) = -39*o - 3. Calculate p(1).
-42
Let w(t) = 2*t**3 - 22*t**2 + 12*t + 2. What is w(10)?
-78
Let g(d) = -7*d**2 - 17*d + 11. Calculate g(-3).
-1
Let i(h) = -70*h**2 - 2*h. What is i(-1)?
-68
Let b(x) = x**3 - 8*x**2 + 8*x - 7. Calculate b(7).
0
Let g(n) = -n**3 - 8*n**2 - n - 12. Determine g(-8).
-4
Let i(t) = -12*t - 80. What is i(-6)?
-8
Let i(d) = 2*d + 71. Calculate i(-23).
25
Let t(v) = 2*v**2 + 48*v - 3. What is t(-24)?
-3
Let f(r) = -2*r**2 + 3*r + 5. Give f(-4).
-39
Let f(p) = -p**2 - 14*p - 47. Calculate f(-11).
-14
Let a(z) = -4*z + 71. What is a(10)?
31
Let j(d) = -5*d - 7. Calculate j(-3).
8
Let o(m) = -4*m**2 + 5*m - 6. Give o(1).
-5
Let q(v) = -v**2 - 13*v + 11. What is q(-14)?
-3
Let i(f) = -f**3 + 33*f**2 - 32*f + 8. What is i(32)?
8
Let c(i) = -2*i**2 - 6*i + 1. Calculate c(5).
-79
Let v(c) = 54*c - 87. Give v(2).
21
Let y(g) = g**3 - 16*g**2 + 23*g + 19. Determine y(15).
139
Let a(i) = 3*i**2 + 7*i + 7. Give a(-2).
5
Let i(x) = x**3 + 14*x**2 - 11*x + 82. Calculate i(-15).
22
Let u(o) = -o**2 - 3. What is u(4)?
-19
Let b(y) = 2*y**2 - 8*y - 12. Determine b(5).
-2
Let p(s) = s**3 - s**2 + s - 63. What is p(0)?
-63
Let i(p) = p**2 - 3*p - 5. Calculate i(4).
-1
Let t(d) = 13*d**3 + d**2 - d. Calculate t(1).
13
Let q(o) = -o**3 - 33*o**2 + 34*o - 7. Calculate q(-34).
-7
Let k(d) = -3*d**3 - 5*d**2 + 4*d + 1. What is k(2)?
-35
Let r(t) = t**3 - 19*t**2 - 20*t + 2. Determine r(20).
2
Let t(z) = -z**3 + 34*z - 8. Calculate t(-6).
4
Let u(s) = -s**2 + s + 39. Calculate u(-5).
9
Let u(k) = -k**3 + 11*k**2 - 18*k - 2. Calculate u(9).
-2
Let o(i) = -5*i - 2. What is o(-2)?
8
Let x(z) = -9*z**2 + 1. Calculate x(2).
-35
Let a(f) = 2*f - 23. Give a(14).
5
Let g(n) = -11*n + 7. What is g(2)?
-15
Let i(n) = 2*n**2 + 8*n - 10. Calculate i(-5).
0
Let t(h) = -3*h - 54. What is t(-17)?
-3
Let h(a) = a - 4. What is h(4)?
0
Let m(h) = 3*h + 53. Determine m(-26).
-25
Let o(f) = -2*f**2 - 3*f + 14. Determine o(4).
-30
Let z(n) = -4*n**2 - 11*n - 13. Calculate z(-4).
-33
Let u(z) = 3*z**2 - 26*z - 2. What is u(9)?
7
Let x(c) = -2*c**2 + 9*c + 10. Calculate x(5).
5
Let t(j) = 6*j + 24. Calculate t(-7).
-18
Let i(v) = -v**3 + 4*v**2 + 1. Give i(-3).
64
Let m(z) = -16*z + 115. What is m(7)?
3
Let g(x) = x**2 + 9*x + 26. Determine g(-5).
6
Let g(t) = -44*t - 1361. What is g(-31)?
3
Let l(w) = 17*w - 16. Calculate l(1).
1
Let k(z) = -z**3 - 12*z**2 + z + 9. Determine k(-12).
-3
Let p(x) = x**3 - 6*x**2 - x + 22. What is p(6)?
16
Let i(n) = 13*n**3 + n**2 + 6*n + 6. Determine i(-1).
-12
Let v(u) = -u**3 + 11*u**2 - 12*u - 11. Determine v(10).
-31
Let w(b) = -2*b**2 + 8*b - 14. Give w(4).
-14
Let n(q) = -6*q**3 - 3*q - 2. Determine n(-1).
7
Let l(r) = 2*r**2 - 44*r + 49. What is l(21)?
7
Let p(d) = -5*d**2 + 3*d + 3. Give p(-1).
-5
Let t(y) = -y**2 + 4*y - 4. Calculate t(3).
-1
Let n(u) = u**3 - u**2 - 3*u + 6. Calculate n(4).
42
Let s(a) = -2*a**2 + 1. What is s(1)?
-1
Let k(o) = -11*o + 2. Give k(2).
-20
Let l(d) = 9*d + 93. Give l(-11).
-6
Let g(p) = -p**2 - 10*p - 4. What is g(-4)?
20
Let a(t) = 37*t + 478. Give a(-13).
-3
Let x(i) = -i**2 + 6*i + 133. What is x(-9)?
-2
Let v(i) = i**3 - 3*i**2 - 6*i - 13. Calculate v(5).
7
Let r(y) = y**3 - 6*y**2 - 5*y - 10. What is r(7)?
4
Let z(o) = -o**3 - 5*o**2 - 4*o + 4. Calculate z(-4).
4
Let m(v) = -v**2 - 9*v - 1. Calculate m(-6).
17
Let r(a) = -a**3 - 6*a**2 - 2*a - 12. What is r(-5)?
-27
Let i(h) = 16*h - 157. What is i(7)?
-45
Let m(x) = x**3 + 5*x**2 - 4*x - 1. What is m(-5)?
19
Let o(l) = 22*l - 134. Give o(6).
-2
Let q(d) = d**2 + 47*d - 141. What is q(-50)?
9
Let q(m) = m**3 + 9*m**2 - 10*m + 8. Give q(-10).
8
Let v(g) = -8*g**2 + 2*g + 4. Calculate v(2).
-24
Let j(k) = 2*k - 23. Give j(12).
1
Let m(d) = -5*d**2 + 3*d + 9. Determine m(4).
-59
Let f(s) = -s**2 + 6*s + 2. What is f(6)?
2
Let w(z) = -2*z**2 - 1. Determine w(-2).
-9
Let k(f) = -9*f - 98. Give k(-10).
-8
Let i(s) = -s**3 + 8*s**2 - s. What is i(6)?
66
Let o(j) = -11*j + 49. What is o(5)?
-6
Let p(k) = -k - 13. Give p(18).
-31
Let r(s) = 38*s**2 + 2*s. Determine r(1).
40
Let t(y) = -y**2 + 4*y - 9. Determine t(2).
-5
Let f(s) = -2*s - 35. What is f(0)?
-35
Let o(a) = a - 4. Determine o(9).
5
Let q(s) = -4*s**2 - 11*s - 3. Give q(-3).
-6
Let u(c) = -2*c - 2. What is u(-2)?
2
Let b(f) = 7*f + 59. Calculate b(-14).
-39
Let h(i) = 62*i - 7. Calculate h(2).
117
Let d(o) = -13*o - 13. What is d(-4)?
39
Let g(a) = -4*a + 79. Calculate g(23).
-13
Let q(t) = t**3 - 7*t**2 + 7*t - 6. Calculate q(4).
-26
Let m(h) = -7*h - 1. What is m(1)?
-8
Let y(i) = -2*i**2 + 72. Calculate y(-6).
0
Let c(x) = -4*x + 53. What is c(11)?
9
Let a(n) = n**2 + 2*n + 1. Give a(0).
1
Let l(x) = x**3 + 8*x**2 - 27*x + 60. Give l(-11).
-6
Let w(t) = -t**3 - 9*t**2 + 34*t - 26. Calculate w(-12).
-2
Let a(q) = 30*q + 415. Give a(-13).
25
Let b(i) = 11*i + 4. Determine b(0).
4
Let c(q) = q**3 - 35*q**2 - 34*q - 72. Give c(36).
0
Let h(a) = 11*a**3 - a**2 - 2*a - 1. What is h(2)?
79
Let d(n) = -n**3 + 9*n**2 + 12*n - 13. Determine d(10).
7
Let v(m) = -8*m - 5. Give v(-2).
11
Let s(i) = 2*i**2 - 30*i + 29. Give s(14).
1
Let r(u) = -21*u. Determine r(-3).
63
Let m(x) = x**2 + 189*x - 1992. Determine m(10).
-2
Let b(i) = -2*i + 13. Give b(14).
-15
Let b(t) = 8*t - 5. Give b(2).
11
Let q(z) = 2*z**2 + 6*z + 11. Give q(-8).
91
Let j(a) = -a**3 - 11*a**2 - 11*a - 3. Give j(-10).
7
Let q(m) = -m**2 + 6*m + 2. Determine q(6).
2
Let a(l) = 19*l**2 + 5*l - 6. Determine a(1).
18
Let k(x) = -x**3 - 7*x**2 - 5*x + 8. Give k(-7).
43
Let o(x) = 6*x - 48. Give o(10).
12
Let j(x) = x**2 + 9*x - 1. What is j(-8)?
-9
Let y(u) = -u**3 + 6*u**2 + 7*u + 5. Give y(7).
5
Let c(b) = -3*b - 2. Calculate c(4).
-14
Let v(w) = w + 12. Calculate v(-8).
4
Let u(w) = -97*w + 274. Determine u(3).
-17
Let a(c) = 2*c**2 + 7*c + 2. What is a(-6)?
32
Let r(k) = -3*k**2 - 9*k - 10. What is r(-5)?
-40
Let o(w) = -2*w**2 + 5*w + 2. Calculate o(-3).
-31
Let b(a) = a**3 - 3*a**2 + 2*a - 1. Determine b(4).
23
Let f(r) = -r**3 - 3*r**2 + 3*r. Give f(-3).
-9
Let j(g) = g**2 + 7*g + 1. Give j(-6).
-5
Let c(b) = -6*b + 34. Calculate c(11).
-32
Let m(b) = 3*b**2 + 20*b + 26. Calculate m(-7).
33
Let c(g) = -6*g + 1. Calculate c(-5).
31
Let l(k) = 2*k**3 - 65*k**2 - 174*k - 42. Calculate l(35).
-7
Let d(i) = -2*i + 6. Determine d(-3).
12
Let o(d) = d**2 - 21*d + 28. Determine o(18).
-26
Let a(n) = n**3 - 18*n**2 - 18*n - 5. Determine a(19).
14
Let b(m) = -3*m**2 + 7*m - 9. What is b(4)?
-29
Let q(h) = 35*h + 1366. Give q(-39).
1
Let n(z) = -z**2 + 2*z + 13. What is n(6)?
-11
Let n(a) = -3*a + 159. Determine n(48).
15
Let p(d) = 2*d**3 - 44*d**2 - d + 35. Calculate p(22).
13
Let i(o) = -o**2 - 3*o - 1. What is i(-5)?
-11
Let k(z) = -z**3 - 6*z**2 - 4*z - 2. Determine k(-4).
-18
Let g(v) = v**2 + 15*v + 57. Determine g(-10).
7
Let r(t) = t**2 - 16*t + 4. Calculate r(17).
21
Let v(m) = -m**3 - 10*m**2 - 4*m - 21. Calculate v(-9).
-66
Let m(f) = f**3 + 8*f**2 - 9. Give m(-4).
55
Let t(z) = -2*z - 8. Calculate t(9).
-26
Let x(t) = -t + 5. Calculate x(-6).
11
Let r(t) = -2*t - 13. Determine r(9).
-31
Let x(r) = 4*r**3 + r - 3. Calculate x(3).
108
Let v(c) = c + 3. Determine v(-13).
-10
Let w(z) = -z + 23. Calculate w(8).
15
Let l(q) = q**2 - 12*q + 79. What is l(6)?
43
Let a(u) = -u**2 + 4. What is a(-2)?
0
Let w(p) = -4*p**2 + 4*p + 6. Give w(3).
-18
Let v(u) = u**3 - 25*u**2 - 54*u + 1. What is 